est common divisor of 4956 and 252.
84
Calculate the highest common divisor of 333 and 259.
37
What is the greatest common divisor of 335 and 120?
5
What is the greatest common divisor of 36 and 372?
12
What is the highest common factor of 132 and 99?
33
What is the greatest common factor of 230 and 4945?
115
Calculate the greatest common factor of 4823 and 106.
53
What is the highest common factor of 3434 and 272?
34
Calculate the greatest common factor of 109 and 51775.
109
Calculate the highest common factor of 70 and 40.
10
Calculate the greatest common divisor of 1099 and 14.
7
Calculate the greatest common factor of 222 and 3441.
111
Calculate the greatest common divisor of 14 and 16.
2
What is the highest common divisor of 713 and 2?
1
Calculate the highest common divisor of 62 and 2759.
31
Calculate the greatest common divisor of 611 and 94.
47
Calculate the greatest common factor of 14238 and 18.
18
Calculate the highest common divisor of 4047 and 57.
57
What is the greatest common divisor of 2997 and 81?
81
Calculate the highest common factor of 440 and 40.
40
What is the highest common divisor of 48 and 60?
12
Calculate the highest common divisor of 1239 and 354.
177
Calculate the greatest common divisor of 558 and 18.
18
What is the greatest common factor of 208 and 80?
16
Calculate the greatest common divisor of 18 and 234.
18
What is the highest common factor of 77 and 385?
77
Calculate the highest common factor of 2299 and 19.
19
Calculate the highest common divisor of 816 and 1024.
16
What is the greatest common factor of 51 and 2397?
51
Calculate the highest common divisor of 77 and 1089.
11
Calculate the greatest common divisor of 38 and 646.
38
What is the highest common divisor of 360 and 400?
40
Calculate the highest common factor of 3021 and 9.
3
What is the greatest common divisor of 13 and 184?
1
What is the greatest common divisor of 672 and 42?
42
What is the greatest common factor of 5 and 45?
5
Calculate the greatest common divisor of 209 and 1539.
19
Calculate the highest common divisor of 27 and 63.
9
What is the highest common factor of 36 and 24?
12
What is the highest common factor of 832 and 64?
64
Calculate the greatest common divisor of 143 and 2561.
13
Calculate the highest common divisor of 120 and 65.
5
What is the greatest common factor of 392 and 8?
8
What is the highest common factor of 548 and 11097?
137
What is the greatest common factor of 1920 and 15?
15
Calculate the greatest common factor of 14 and 427.
7
What is the highest common factor of 5995 and 55?
55
What is the greatest common divisor of 416 and 13?
13
What is the greatest common factor of 1362 and 24?
6
What is the highest common divisor of 104 and 72?
8
What is the greatest common factor of 1406 and 148?
74
What is the highest common factor of 168 and 42?
42
What is the greatest common divisor of 8037 and 9?
9
Calculate the greatest common factor of 1118 and 86.
86
What is the highest common factor of 992 and 1736?
248
Calculate the highest common divisor of 289 and 187.
17
What is the greatest common factor of 8 and 488?
8
Calculate the greatest common factor of 36 and 20.
4
Calculate the greatest common divisor of 9659 and 13.
13
Calculate the highest common divisor of 89 and 11125.
89
What is the greatest common divisor of 169 and 26?
13
Calculate the greatest common factor of 11552 and 32.
32
What is the highest common factor of 10829 and 357?
119
Calculate the highest common divisor of 627 and 561.
33
What is the greatest common divisor of 11 and 1?
1
What is the greatest common factor of 97 and 1?
1
What is the highest common factor of 162 and 1053?
81
What is the greatest common divisor of 2420 and 3520?
220
Calculate the highest common factor of 2488 and 16.
8
What is the greatest common divisor of 684 and 4560?
228
What is the highest common divisor of 170 and 986?
34
Calculate the highest common factor of 10 and 230.
10
Calculate the greatest common factor of 13 and 5.
1
Calculate the highest common divisor of 638 and 22.
22
Calculate the highest common factor of 343 and 49.
49
Calculate the greatest common factor of 368 and 598.
46
Calculate the greatest common factor of 198 and 108.
18
What is the greatest common divisor of 3178 and 14?
14
Calculate the greatest common divisor of 180 and 162.
18
What is the highest common divisor of 5 and 320?
5
What is the greatest common factor of 216 and 2133?
27
Calculate the highest common factor of 5746 and 34.
34
Calculate the highest common factor of 22 and 1760.
22
Calculate the highest common factor of 44 and 44.
44
What is the highest common divisor of 4150 and 1162?
166
Calculate the greatest common divisor of 504 and 63.
63
What is the highest common factor of 124 and 3999?
31
Calculate the highest common factor of 9 and 3.
3
What is the highest common divisor of 200 and 8?
8
Calculate the highest common divisor of 1415 and 5.
5
What is the highest common divisor of 912 and 285?
57
Calculate the highest common divisor of 17 and 14807.
17
Calculate the highest common divisor of 1332 and 180.
36
Calculate the greatest common factor of 144 and 189.
9
What is the highest common factor of 2332 and 66?
22
Calculate the greatest common factor of 140 and 672.
28
What is the greatest common factor of 13 and 53?
1
Calculate the highest common divisor of 452 and 1243.
113
What is the highest common factor of 5408 and 26?
26
What is the greatest common divisor of 35 and 91?
7
What is the highest common factor of 39 and 143?
13
Calculate the greatest common factor of 276 and 2001.
69
Calculate the highest common factor of 583 and 11.
11
What is the greatest common factor of 2 and 5?
1
Calculate the greatest common factor of 98 and 980.
98
Calculate the greatest common divisor of 8475 and 75.
75
Calculate the greatest common divisor of 675 and 1275.
75
Calculate the highest common factor of 390 and 60.
30
What is the highest common divisor of 975 and 5?
5
Calculate the greatest common factor of 103 and 1.
1
What is the greatest common divisor of 1 and 27?
1
Calculate the greatest common divisor of 66 and 198.
66
What is the highest common factor of 1290 and 90?
30
Calculate the highest common factor of 63 and 1071.
63
What is the greatest common divisor of 480 and 20?
20
Calculate the highest common factor of 3515 and 3330.
185
Calculate the greatest common divisor of 160 and 11460.
20
Calculate the greatest common factor of 1134 and 252.
126
What is the highest common divisor of 473 and 3569?
43
What is the highest common factor of 24 and 6?
6
What is the greatest common factor of 243 and 810?
81
Calculate the greatest common factor of 10 and 5090.
10
What is the greatest common factor of 17 and 179?
1
What is the highest common divisor of 20 and 25820?
20
What is the greatest common divisor of 204 and 1581?
51
Calculate the greatest common divisor of 20 and 710.
10
What is the greatest common factor of 3205 and 5?
5
Calculate the greatest common divisor of 132 and 297.
33
What is the greatest common divisor of 398 and 2?
2
What is the highest common factor of 27 and 123147?
27
What is the greatest common factor of 361 and 1?
1
What is the highest common divisor of 21006 and 9?
9
Calculate the highest common divisor of 92 and 24.
4
Calculate the highest common divisor of 705 and 282.
141
Calculate the highest common factor of 1309 and 6069.
119
What is the highest common divisor of 546 and 154?
14
Calculate the highest common factor of 3045 and 522.
87
What is the highest common divisor of 13 and 19877?
13
Calculate the greatest common factor of 60 and 15.
15
What is the highest common divisor of 36 and 48?
12
What is the greatest common factor of 46 and 598?
46
What is the highest common divisor of 56 and 182?
14
Calculate the greatest common factor of 45 and 9480.
15
Calculate the highest common divisor of 76 and 56.
4
Calculate the highest common divisor of 339 and 9.
3
What is the greatest common divisor of 333 and 27?
9
What is the highest common divisor of 3498 and 330?
66
Calculate the highest common factor of 12709 and 213.
71
Calculate the highest common divisor of 25967 and 23.
23
What is the greatest common factor of 9881 and 82?
41
What is the greatest common factor of 3156 